-460202612
In base 15, what is -2134c3 + a?
-2134b8
In base 11, what is 249867 - 16a?
2496a8
In base 16, what is 33 - 118404b?
-1184018
In base 3, what is -212212121222 - -22?
-212212121200
In base 9, what is 1230 - 313827?
-312587
In base 11, what is -4217 - -4810?
5a4
In base 4, what is 122002212 + 1133?
122010011
In base 3, what is 12120010222 + -11101000?
12101202222
In base 12, what is 22a9a268 + 1?
22a9a269
In base 12, what is -2 - -a778534?
a778532
In base 6, what is 21 + 1241343201?
1241343222
In base 6, what is -3 + 4025413323?
4025413320
In base 13, what is 7 - -1755cb?
175605
In base 15, what is 2 + 78032a?
78032c
In base 14, what is -7c + -64cbc6?
-64cc64
In base 12, what is 108b97 + 59?
109034
In base 2, what is -10011110111100111010 - 10100101?
-10011110111111011111
In base 9, what is -3 - -362132333?
362132330
In base 4, what is 31112211113020 - -13?
31112211113033
In base 4, what is 3 + -3222332200?
-3222332131
In base 2, what is -10110000000011110011101 + -101010?
-10110000000011111000111
In base 6, what is -244040 + -33454?
-321534
In base 15, what is 3 - 360deb?
-360de8
In base 13, what is 12bc252 - -107?
12bc359
In base 8, what is 3 + 7243337?
7243342
In base 2, what is 1100010010100001100 + -10011?
1100010010011111001
In base 9, what is -7005 + 372?
-6523
In base 6, what is 15052 + 2420201?
2435253
In base 2, what is 11 - 101111111110110010111?
-101111111110110010100
In base 14, what is 24890 + 4bd?
24d6d
In base 8, what is -1306 - 52530?
-54036
In base 4, what is 1001202 - 23303?
311233
In base 4, what is 10120 - -22220?
33000
In base 4, what is -210300030002 - 110?
-210300030112
In base 5, what is -21 - 1210220322?
-1210220343
In base 10, what is -11 - -279071?
279060
In base 5, what is 10242101444 + -1?
10242101443
In base 11, what is 8 + -2950?
-2943
In base 12, what is -716a79 + 10?
-716a69
In base 10, what is 3891686 - 17?
3891669
In base 3, what is -10 + 2211111111121?
2211111111111
In base 10, what is 2121 - -620?
2741
In base 15, what is 47dcde3 - 3?
47dcde0
In base 4, what is 1030 + 120220332033?
120220333123
In base 14, what is -aaa7d5a - 2?
-aaa7d5c
In base 3, what is 10120 + -110121110220?
-110121100100
In base 3, what is 0 - -121120121202220?
121120121202220
In base 13, what is -2a3002b + 3?
-2a30028
In base 4, what is -12 - 1212000300112?
-1212000300130
In base 11, what is -270807 + 2?
-270805
In base 6, what is -3204244 + 52?
-3204152
In base 3, what is 0 + -20200022122100?
-20200022122100
In base 3, what is 222 - 22122100?
-22121101
In base 7, what is 4 + -134606243?
-134606236
In base 4, what is 11 + 22112332230003?
22112332230020
In base 15, what is -4 - -19364c?
193648
In base 6, what is -13 + 540422412?
540422355
In base 9, what is -241 - -275?
34
In base 14, what is 226a0 - -40?
22700
In base 6, what is -11421224242 + -2?
-11421224244
In base 14, what is 23 - 22500?
-224bb
In base 6, what is 3125 + 25334?
32503
In base 6, what is -44234 - -21011?
-23223
In base 16, what is 427 + -43fcc?
-43ba5
In base 9, what is -3 - 83680337?
-83680341
In base 4, what is 20211 - -120200333?
120221210
In base 4, what is 31032 + -1011321?
-320223
In base 12, what is -4291b424 - -1?
-4291b423
In base 14, what is -d14c957 + 0?
-d14c957
In base 7, what is 2063643330 + -5?
2063643322
In base 7, what is 12312 + 22455?
35100
In base 11, what is -1472 + -1011?
-2483
In base 7, what is -51 + -36064?
-36145
In base 4, what is 2 + -212302300131?
-212302300123
In base 11, what is -6a25a52 - -9?
-6a25a44
In base 3, what is -1212100200121122 - -1011?
-1212100200120111
In base 2, what is -11011010000001 - 1011001100010?
-100110011100011
In base 5, what is 3131001011142 - -4?
3131001011201
In base 5, what is -1302 - -1023423040?
1023421233
In base 5, what is 1 - -4222201344?
4222201400
In base 4, what is -22 + -31031013201?
-31031013223
In base 13, what is 36407543 - 3?
36407540
In base 2, what is 1100 - -10110001011010110111?
10110001011011000011
In base 5, what is -3 + -202021021124?
-202021021132
In base 5, what is -111342 + -3034?
-114431
In base 5, what is 243432 - -13104?
312041
In base 16, what is -17 - 3b3d3?
-3b3ea
In base 2, what is -11111 - 1101010101011101110100010?
-1101010101011101111000001
In base 4, what is 3 + -22132310100121?
-22132310100112
In base 16, what is 3c367 - -5?
3c36c
In base 5, what is 12012441 - 322110?
11140331
In base 7, what is 333033 - -21312?
354345
In base 8, what is -11713143 + -5?
-11713150
In base 16, what is 38 + 45f3d0?
45f408
In base 11, what is -174 + -33155a?
-331723
In base 5, what is 124142123123 - -1?
124142123124
In base 6, what is 1000 + 3341521?
3342521
In base 15, what is 82035c + 2?
82035e
In base 14, what is 3db + 1a35?
2032
In base 10, what is 3830651 + 15?
3830666
In base 7, what is 15230 - 2425?
12502
In base 13, what is 65155 + -197?
64c8b
In base 11, what is 143 - -54293?
54426
In base 9, what is -4371 - 17160?
-22541
In base 4, what is 33311 + -2210300?
-2110323
In base 10, what is 3 + -2586728?
-2586725
In base 3, what is 2121020200 - -112?
2121021012
In base 16, what is -6ef3db + -2?
-6ef3dd
In base 8, what is -146251 - 650?
-147121
In base 9, what is -83552 + -138?
-83701
In base 6, what is 0 + 12411514?
12411514
In base 3, what is -1 - 10222100011001?
-10222100011002
In base 9, what is 14 + -73353?
-73338
In base 11, what is 4 - 2389467?
-2389463
In base 14, what is a08 + d4b8?
100c2
In base 5, what is -1222 + -104400231?
-104402003
In base 8, what is -12 - 6362013?
-6362025
In base 5, what is 0 - -102242320131?
102242320131
In base 10, what is 553 - 32693?
-32140
In base 12, what is -16 + -221a47?
-221a61
In base 11, what is -2717090 - -27?
-2717064
In base 10, what is -12079 - 45636?
-57715
In base 5, what is -13233 - 3034?
-21322
In base 4, what is 10032312 + -111013?
3321233
In base 10, what is 3069954 - 23?
3069931
In base 13, what is -5 - -1685868?
1685863
In base 13, what is -107bbc9 - -39?
-107bb90
In base 16, what is -de7b77 + 4?
-de7b73
In base 14, what is -487013d + 1?
-487013c
In base 6, what is -1000 - 425135?
-430135
In base 13, what is 14c46 + b?
14c54
In base 11, what is -228a9455 - 2?
-228a9457
In base 2, what is -1101010010000100 + -11000110000110?
-10000011000001010
In base 15, what is 60dc9 + -59?
60d70
In base 5, what is 24402340 - 132?
24402203
In base 5, what is -12 + 1333104211?
1333104144
In base 12, what is a3797 - 7?
a3790
In base 15, what is a481e4 - 0?
a481e4
In base 5, what is -101111 - -44404?
-1202
In base 10, what is 6671663 + -3?
6671660
In base 13, what is c91 + -475?
819
In base 5, what is 422201 - -30344?
1003100
In base 7, what is -1346 - 254025?
-255404
In base 3, what is 1102000 + 101201220122?
101210022122
In base 8, what is -1 - -31714620?
31714617
In base 4, what is 1 - 10123321?
-10123320
In base 13, what is 418 + 3911?
4029
In base 3, what is 2012010001211 - -20?
2012010002001
In base 16, what is 177 - 22b?
-b4
In base 13, what is -c - -775056?
775047
In base 5, what is 1112302002 + -14?
1112301433
In base 9, what is 4 + 28406347?
28406352
In base 9, what is 5 - 21806816?
-21806811
In base 15, what is 3a6c007c - -3?
3a6c0080
In base 11, what is 721 + -5795?
-5074
In base 12, what is 34083140 - 0?
34083140
In base 15, what is 38a832 + 3?
38a835
In base 13, what is -37c + -22156?
-22505
In base 12, what is 1b147387 - 4?
1b147383
In base 16, what is 10aa42e6 - 5?
10aa42e1
In base 16, what is 1050f5 - 38?
1050bd
In base 10, what is -504818 - -1?
-504817
In base 11, what is -654 + 44970?
44317
In base 12, what is 13 - 174b2?
-1749b
In base 16, what is -1b4 - -da0?
bec
In base 9, what is -1171528380 + 0?
-1171528380
In base 12, what is -756710 + -41?
-756751
In base 7, what is -5054145543 - -4?
-5054145536
In base 4, what is 133030233 + 322?
133031221
In base 14, what is 5 + 201b10?
201b15
In base 9, what is 136 - 8513813?
-8513666
In base 13, what is -77c56a + 38?
-77c532
In base 13, what is 3 - -2266126?
2266129
In base 2, what is 1100001111101100111001 + 1000?
1100001111101101000001
In base 13, what is 5 + -2cc1aa5?
-2cc1aa0
In base 9, what is -42815472 + 6?
-42815465
In base 14, what is 370d - -1b32?
5441
In base 12, what is -3 - -88b6833?
88b6830
In base 5, what is -41313 + 1303412?
1212044
In base 8, what is -43 - -447135